{"id":511,"date":"2019-12-28T11:23:24","date_gmt":"2019-12-28T10:23:24","guid":{"rendered":"https:\/\/p-art.design\/?post_type=product&#038;p=511"},"modified":"2021-12-23T21:37:28","modified_gmt":"2021-12-23T20:37:28","slug":"cepice-bila","status":"publish","type":"product","link":"https:\/\/p-art.design\/?product=cepice-bila","title":{"rendered":"\u010cEPICE b\u00edl\u00e1"},"content":{"rendered":"<div id=\"product-detail-descr\" class=\"zbozi_body\">\n<p>B\u00edl\u00e1 fleecov\u00e1 \u010depice do velikosti hlavy 55 cm. Modelka na fotografii m\u00e1 obvod hlavy 52 cm.<\/p>\n<p>Obvod \u010depice 60 cm.<\/p>\n<\/div>\n","protected":false},"excerpt":{"rendered":"<p>Fleecov\u00e1 b\u00edl\u00e1 \u010depice.<\/p>\n","protected":false},"featured_media":512,"comment_status":"open","ping_status":"closed","template":"","meta":{"_exactmetrics_skip_tracking":false,"_exactmetrics_sitenote_active":false,"_exactmetrics_sitenote_note":"","_exactmetrics_sitenote_category":0},"product_brand":[],"product_cat":[88],"product_tag":[],"class_list":{"0":"post-511","1":"product","2":"type-product","3":"status-publish","4":"has-post-thumbnail","6":"product_cat-cepice","8":"first","9":"instock","10":"taxable","11":"shipping-taxable","12":"purchasable","13":"product-type-simple"},"acf":[],"jetpack_sharing_enabled":true,"_links":{"self":[{"href":"https:\/\/p-art.design\/index.php?rest_route=\/wp\/v2\/product\/511","targetHints":{"allow":["GET"]}}],"collection":[{"href":"https:\/\/p-art.design\/index.php?rest_route=\/wp\/v2\/product"}],"about":[{"href":"https:\/\/p-art.design\/index.php?rest_route=\/wp\/v2\/types\/product"}],"replies":[{"embeddable":true,"href":"https:\/\/p-art.design\/index.php?rest_route=%2Fwp%2Fv2%2Fcomments&post=511"}],"wp:featuredmedia":[{"embeddable":true,"href":"https:\/\/p-art.design\/index.php?rest_route=\/wp\/v2\/media\/512"}],"wp:attachment":[{"href":"https:\/\/p-art.design\/index.php?rest_route=%2Fwp%2Fv2%2Fmedia&parent=511"}],"wp:term":[{"taxonomy":"product_brand","embeddable":true,"href":"https:\/\/p-art.design\/index.php?rest_route=%2Fwp%2Fv2%2Fproduct_brand&post=511"},{"taxonomy":"product_cat","embeddable":true,"href":"https:\/\/p-art.design\/index.php?rest_route=%2Fwp%2Fv2%2Fproduct_cat&post=511"},{"taxonomy":"product_tag","embeddable":true,"href":"https:\/\/p-art.design\/index.php?rest_route=%2Fwp%2Fv2%2Fproduct_tag&post=511"}],"curies":[{"name":"wp","href":"https:\/\/api.w.org\/{rel}","templated":true}]}}