{"id":507,"date":"2019-12-28T11:20:13","date_gmt":"2019-12-28T10:20:13","guid":{"rendered":"https:\/\/p-art.design\/?post_type=product&#038;p=507"},"modified":"2021-12-23T21:38:25","modified_gmt":"2021-12-23T20:38:25","slug":"cepice-cokoladova-sala","status":"publish","type":"product","link":"https:\/\/p-art.design\/?product=cepice-cokoladova-sala","title":{"rendered":"\u010cEPICE \u010cOKOL\u00c1DOV\u00c1"},"content":{"rendered":"<div id=\"product-detail-descr\" class=\"zbozi_body\">\n<p>\u010cokol\u00e1dov\u00e1 \u010depice do velikosti hlavy 48 cm.<\/p>\n<p>V\u00fd\u0161ka celkov\u00e1 23 cm, v\u00fd\u0161ka s lemem 18 cm.<\/p>\n<p>\u0160\u00e1la 109 x 12 cm!<\/p>\n<\/div>\n","protected":false},"excerpt":{"rendered":"<p>\u010cepice a \u0161\u00e1la.<\/p>\n","protected":false},"featured_media":508,"comment_status":"open","ping_status":"closed","template":"","meta":{"_exactmetrics_skip_tracking":false,"_exactmetrics_sitenote_active":false,"_exactmetrics_sitenote_note":"","_exactmetrics_sitenote_category":0},"product_brand":[],"product_cat":[88],"product_tag":[],"class_list":{"0":"post-507","1":"product","2":"type-product","3":"status-publish","4":"has-post-thumbnail","6":"product_cat-cepice","8":"first","9":"instock","10":"taxable","11":"shipping-taxable","12":"purchasable","13":"product-type-simple"},"acf":[],"jetpack_sharing_enabled":true,"_links":{"self":[{"href":"https:\/\/p-art.design\/index.php?rest_route=\/wp\/v2\/product\/507","targetHints":{"allow":["GET"]}}],"collection":[{"href":"https:\/\/p-art.design\/index.php?rest_route=\/wp\/v2\/product"}],"about":[{"href":"https:\/\/p-art.design\/index.php?rest_route=\/wp\/v2\/types\/product"}],"replies":[{"embeddable":true,"href":"https:\/\/p-art.design\/index.php?rest_route=%2Fwp%2Fv2%2Fcomments&post=507"}],"wp:featuredmedia":[{"embeddable":true,"href":"https:\/\/p-art.design\/index.php?rest_route=\/wp\/v2\/media\/508"}],"wp:attachment":[{"href":"https:\/\/p-art.design\/index.php?rest_route=%2Fwp%2Fv2%2Fmedia&parent=507"}],"wp:term":[{"taxonomy":"product_brand","embeddable":true,"href":"https:\/\/p-art.design\/index.php?rest_route=%2Fwp%2Fv2%2Fproduct_brand&post=507"},{"taxonomy":"product_cat","embeddable":true,"href":"https:\/\/p-art.design\/index.php?rest_route=%2Fwp%2Fv2%2Fproduct_cat&post=507"},{"taxonomy":"product_tag","embeddable":true,"href":"https:\/\/p-art.design\/index.php?rest_route=%2Fwp%2Fv2%2Fproduct_tag&post=507"}],"curies":[{"name":"wp","href":"https:\/\/api.w.org\/{rel}","templated":true}]}}