{"id":3144,"date":"2020-03-31T21:23:35","date_gmt":"2020-03-31T19:23:35","guid":{"rendered":"https:\/\/p-art.design\/?post_type=product&#038;p=3144"},"modified":"2021-06-02T21:36:55","modified_gmt":"2021-06-02T19:36:55","slug":"rouska","status":"publish","type":"product","link":"https:\/\/p-art.design\/?product=rouska","title":{"rendered":"ROU\u0160KA \u010dern\u00e1"},"content":{"rendered":"<p>Rou\u0161ka je dvouvrstv\u00e1, mezi vrstvy lze vlo\u017eit pap\u00edrovou kuchy\u0148skou ut\u011brku, antibakteri\u00e1ln\u00ed ubrousek, pap\u00edrov\u00fd kapesn\u00edk&#8230; je na gumi\u010dky za u\u0161i, d\u00e1 se p\u0159izp\u016fsobit utvo\u0159en\u00edm uzl\u00edku.<\/p>\n<p>&nbsp;<\/p>\n","protected":false},"excerpt":{"rendered":"<p>Rou\u0161ka je dvouvrstv\u00e1, mezi vrstvy lze vlo\u017eit pap\u00edrovou kuchy\u0148skou ut\u011brku, antibakteri\u00e1ln\u00ed ubrousek, pap\u00edrov\u00fd kapesn\u00edk&#8230; je na gumi\u010dky za u\u0161i, d\u00e1 se p\u0159izp\u016fsobit utvo\u0159en\u00edm uzl\u00edku. &nbsp;<\/p>\n","protected":false},"featured_media":3147,"comment_status":"open","ping_status":"closed","template":"","meta":{"_exactmetrics_skip_tracking":false,"_exactmetrics_sitenote_active":false,"_exactmetrics_sitenote_note":"","_exactmetrics_sitenote_category":0},"product_brand":[],"product_cat":[27],"product_tag":[],"class_list":{"0":"post-3144","1":"product","2":"type-product","3":"status-publish","4":"has-post-thumbnail","6":"product_cat-rousky","8":"first","9":"instock","10":"taxable","11":"shipping-taxable","12":"purchasable","13":"product-type-simple"},"acf":[],"jetpack_sharing_enabled":true,"_links":{"self":[{"href":"https:\/\/p-art.design\/index.php?rest_route=\/wp\/v2\/product\/3144","targetHints":{"allow":["GET"]}}],"collection":[{"href":"https:\/\/p-art.design\/index.php?rest_route=\/wp\/v2\/product"}],"about":[{"href":"https:\/\/p-art.design\/index.php?rest_route=\/wp\/v2\/types\/product"}],"replies":[{"embeddable":true,"href":"https:\/\/p-art.design\/index.php?rest_route=%2Fwp%2Fv2%2Fcomments&post=3144"}],"wp:featuredmedia":[{"embeddable":true,"href":"https:\/\/p-art.design\/index.php?rest_route=\/wp\/v2\/media\/3147"}],"wp:attachment":[{"href":"https:\/\/p-art.design\/index.php?rest_route=%2Fwp%2Fv2%2Fmedia&parent=3144"}],"wp:term":[{"taxonomy":"product_brand","embeddable":true,"href":"https:\/\/p-art.design\/index.php?rest_route=%2Fwp%2Fv2%2Fproduct_brand&post=3144"},{"taxonomy":"product_cat","embeddable":true,"href":"https:\/\/p-art.design\/index.php?rest_route=%2Fwp%2Fv2%2Fproduct_cat&post=3144"},{"taxonomy":"product_tag","embeddable":true,"href":"https:\/\/p-art.design\/index.php?rest_route=%2Fwp%2Fv2%2Fproduct_tag&post=3144"}],"curies":[{"name":"wp","href":"https:\/\/api.w.org\/{rel}","templated":true}]}}