{"id":17545,"date":"2025-08-19T18:34:51","date_gmt":"2025-08-19T16:34:51","guid":{"rendered":"https:\/\/p-art.design\/?post_type=product&#038;p=17545"},"modified":"2025-08-19T18:34:51","modified_gmt":"2025-08-19T16:34:51","slug":"skin-care-set","status":"publish","type":"product","link":"https:\/\/p-art.design\/?product=skin-care-set","title":{"rendered":"Skin care set"},"content":{"rendered":"<p>Set sedmi ru\u010dn\u00ed\u010dk\u016f za 700 K\u010d<\/p>\n<p>Set sedmi ru\u010dn\u00ed\u010dk\u016f v d\u00e1rkov\u00e9 krabi\u010dce za 800 K\u010d<\/p>\n","protected":false},"excerpt":{"rendered":"<p>Set sedmi ru\u010dn\u00ed\u010dk\u016f za 700 K\u010d Set sedmi ru\u010dn\u00ed\u010dk\u016f v d\u00e1rkov\u00e9 krabi\u010dce za 800 K\u010d<\/p>\n","protected":false},"featured_media":17537,"comment_status":"closed","ping_status":"closed","template":"","meta":{"_exactmetrics_skip_tracking":false,"_exactmetrics_sitenote_active":false,"_exactmetrics_sitenote_note":"","_exactmetrics_sitenote_category":0},"product_brand":[],"product_cat":[145],"product_tag":[],"class_list":{"0":"post-17545","1":"product","2":"type-product","3":"status-publish","4":"has-post-thumbnail","6":"product_cat-skin-care","8":"first","9":"instock","10":"taxable","11":"shipping-taxable","12":"purchasable","13":"product-type-simple"},"acf":[],"jetpack_sharing_enabled":true,"_links":{"self":[{"href":"https:\/\/p-art.design\/index.php?rest_route=\/wp\/v2\/product\/17545","targetHints":{"allow":["GET"]}}],"collection":[{"href":"https:\/\/p-art.design\/index.php?rest_route=\/wp\/v2\/product"}],"about":[{"href":"https:\/\/p-art.design\/index.php?rest_route=\/wp\/v2\/types\/product"}],"replies":[{"embeddable":true,"href":"https:\/\/p-art.design\/index.php?rest_route=%2Fwp%2Fv2%2Fcomments&post=17545"}],"wp:featuredmedia":[{"embeddable":true,"href":"https:\/\/p-art.design\/index.php?rest_route=\/wp\/v2\/media\/17537"}],"wp:attachment":[{"href":"https:\/\/p-art.design\/index.php?rest_route=%2Fwp%2Fv2%2Fmedia&parent=17545"}],"wp:term":[{"taxonomy":"product_brand","embeddable":true,"href":"https:\/\/p-art.design\/index.php?rest_route=%2Fwp%2Fv2%2Fproduct_brand&post=17545"},{"taxonomy":"product_cat","embeddable":true,"href":"https:\/\/p-art.design\/index.php?rest_route=%2Fwp%2Fv2%2Fproduct_cat&post=17545"},{"taxonomy":"product_tag","embeddable":true,"href":"https:\/\/p-art.design\/index.php?rest_route=%2Fwp%2Fv2%2Fproduct_tag&post=17545"}],"curies":[{"name":"wp","href":"https:\/\/api.w.org\/{rel}","templated":true}]}}