{"id":17422,"date":"2024-12-03T14:32:21","date_gmt":"2024-12-03T13:32:21","guid":{"rendered":"https:\/\/p-art.design\/?post_type=product&#038;p=17422"},"modified":"2024-12-03T14:32:21","modified_gmt":"2024-12-03T13:32:21","slug":"cerne-saty-s-bilymi-puntiky","status":"publish","type":"product","link":"https:\/\/p-art.design\/?product=cerne-saty-s-bilymi-puntiky","title":{"rendered":"\u010cern\u00e9 \u0161aty s b\u00edl\u00fdmi punt\u00edky"},"content":{"rendered":"<p>Elegantn\u00ed \u0161aty ze vzdu\u0161n\u00e9ho materi\u00e1lu, vhodn\u00e9 pro letn\u00ed hork\u00e9 dny, s p\u00e1skem.<\/p>\n<p>S klobou\u010dkem na proch\u00e1zku pl\u00e1\u017eovou promen\u00e1dou, na pl\u00e1\u017e, na plavky, k vod\u011b i na ve\u010dern\u00ed koktejl.<\/p>\n<p>V zim\u011b si pod n\u011b vezmeme rol\u00e1\u010dek a siln\u00e9 pun\u010doch\u00e1\u010de.<\/p>\n<p>Lze pr\u00e1t na 60 st.<\/p>\n<p>Vel. 36-44 \u0160aty se p\u0159izp\u016fsob\u00ed t\u00e9m\u011b\u0159 ka\u017ed\u00e9 postav\u011b.<\/p>\n","protected":false},"excerpt":{"rendered":"<p>Elegantn\u00ed \u0161aty ze vzdu\u0161n\u00e9ho materi\u00e1lu, vhodn\u00e9 pro letn\u00ed hork\u00e9 dny, s p\u00e1skem. S klobou\u010dkem na proch\u00e1zku pl\u00e1\u017eovou promen\u00e1dou, na pl\u00e1\u017e, na plavky, k vod\u011b i na ve\u010dern\u00ed koktejl. V zim\u011b si pod n\u011b vezmeme rol\u00e1\u010dek a siln\u00e9 pun\u010doch\u00e1\u010de. Lze pr\u00e1t na 60 st. Vel. 36-44 \u0160aty se p\u0159izp\u016fsob\u00ed t\u00e9m\u011b\u0159 ka\u017ed\u00e9 postav\u011b.<\/p>\n","protected":false},"featured_media":17418,"comment_status":"closed","ping_status":"closed","template":"","meta":{"_exactmetrics_skip_tracking":false,"_exactmetrics_sitenote_active":false,"_exactmetrics_sitenote_note":"","_exactmetrics_sitenote_category":0},"product_brand":[],"product_cat":[108,94,129],"product_tag":[143,142,141,140,144],"class_list":{"0":"post-17422","1":"product","2":"type-product","3":"status-publish","4":"has-post-thumbnail","6":"product_cat-zeny","7":"product_cat-sakura_style","8":"product_cat-saty-zeny","9":"product_tag-bohyne","10":"product_tag-fashion","11":"product_tag-moda","12":"product_tag-saty","13":"product_tag-zeny","15":"first","16":"instock","17":"taxable","18":"shipping-taxable","19":"purchasable","20":"product-type-simple"},"acf":[],"jetpack_sharing_enabled":true,"_links":{"self":[{"href":"https:\/\/p-art.design\/index.php?rest_route=\/wp\/v2\/product\/17422","targetHints":{"allow":["GET"]}}],"collection":[{"href":"https:\/\/p-art.design\/index.php?rest_route=\/wp\/v2\/product"}],"about":[{"href":"https:\/\/p-art.design\/index.php?rest_route=\/wp\/v2\/types\/product"}],"replies":[{"embeddable":true,"href":"https:\/\/p-art.design\/index.php?rest_route=%2Fwp%2Fv2%2Fcomments&post=17422"}],"wp:featuredmedia":[{"embeddable":true,"href":"https:\/\/p-art.design\/index.php?rest_route=\/wp\/v2\/media\/17418"}],"wp:attachment":[{"href":"https:\/\/p-art.design\/index.php?rest_route=%2Fwp%2Fv2%2Fmedia&parent=17422"}],"wp:term":[{"taxonomy":"product_brand","embeddable":true,"href":"https:\/\/p-art.design\/index.php?rest_route=%2Fwp%2Fv2%2Fproduct_brand&post=17422"},{"taxonomy":"product_cat","embeddable":true,"href":"https:\/\/p-art.design\/index.php?rest_route=%2Fwp%2Fv2%2Fproduct_cat&post=17422"},{"taxonomy":"product_tag","embeddable":true,"href":"https:\/\/p-art.design\/index.php?rest_route=%2Fwp%2Fv2%2Fproduct_tag&post=17422"}],"curies":[{"name":"wp","href":"https:\/\/api.w.org\/{rel}","templated":true}]}}