{"id":17343,"date":"2024-09-21T22:44:53","date_gmt":"2024-09-21T20:44:53","guid":{"rendered":"https:\/\/p-art.design\/?post_type=product&#038;p=17343"},"modified":"2024-09-21T22:44:53","modified_gmt":"2024-09-21T20:44:53","slug":"tutu-sukynka","status":"publish","type":"product","link":"https:\/\/p-art.design\/?product=tutu-sukynka","title":{"rendered":"Tutu suk\u00fdnka"},"content":{"rendered":"<p>Tylov\u00e1 sukn\u011b z pruh\u016f tylu, vhodn\u00e1 i na tanec a balet.<\/p>\n<p>Barva a d\u00e9lka dle p\u0159\u00e1n\u00ed<\/p>\n<p>Cena od 700 K\u010d<\/p>\n","protected":false},"excerpt":{"rendered":"<p>Tylov\u00e1 sukn\u011b z pruh\u016f tylu, vhodn\u00e1 i na tanec a balet. Barva a d\u00e9lka dle p\u0159\u00e1n\u00ed Cena od 700 K\u010d<\/p>\n","protected":false},"featured_media":17344,"comment_status":"closed","ping_status":"closed","template":"","meta":{"_exactmetrics_skip_tracking":false,"_exactmetrics_sitenote_active":false,"_exactmetrics_sitenote_note":"","_exactmetrics_sitenote_category":0},"product_brand":[],"product_cat":[89,94,92],"product_tag":[],"class_list":{"0":"post-17343","1":"product","2":"type-product","3":"status-publish","4":"has-post-thumbnail","6":"product_cat-divky","7":"product_cat-sakura_style","8":"product_cat-sukne-divky","10":"first","11":"instock","12":"taxable","13":"shipping-taxable","14":"purchasable","15":"product-type-simple"},"acf":[],"jetpack_sharing_enabled":true,"_links":{"self":[{"href":"https:\/\/p-art.design\/index.php?rest_route=\/wp\/v2\/product\/17343","targetHints":{"allow":["GET"]}}],"collection":[{"href":"https:\/\/p-art.design\/index.php?rest_route=\/wp\/v2\/product"}],"about":[{"href":"https:\/\/p-art.design\/index.php?rest_route=\/wp\/v2\/types\/product"}],"replies":[{"embeddable":true,"href":"https:\/\/p-art.design\/index.php?rest_route=%2Fwp%2Fv2%2Fcomments&post=17343"}],"wp:featuredmedia":[{"embeddable":true,"href":"https:\/\/p-art.design\/index.php?rest_route=\/wp\/v2\/media\/17344"}],"wp:attachment":[{"href":"https:\/\/p-art.design\/index.php?rest_route=%2Fwp%2Fv2%2Fmedia&parent=17343"}],"wp:term":[{"taxonomy":"product_brand","embeddable":true,"href":"https:\/\/p-art.design\/index.php?rest_route=%2Fwp%2Fv2%2Fproduct_brand&post=17343"},{"taxonomy":"product_cat","embeddable":true,"href":"https:\/\/p-art.design\/index.php?rest_route=%2Fwp%2Fv2%2Fproduct_cat&post=17343"},{"taxonomy":"product_tag","embeddable":true,"href":"https:\/\/p-art.design\/index.php?rest_route=%2Fwp%2Fv2%2Fproduct_tag&post=17343"}],"curies":[{"name":"wp","href":"https:\/\/api.w.org\/{rel}","templated":true}]}}