{"id":17306,"date":"2024-04-11T21:00:45","date_gmt":"2024-04-11T19:00:45","guid":{"rendered":"https:\/\/p-art.design\/?post_type=product&#038;p=17306"},"modified":"2024-09-11T18:20:14","modified_gmt":"2024-09-11T16:20:14","slug":"obraz-laska-i","status":"publish","type":"product","link":"https:\/\/p-art.design\/?product=obraz-laska-i","title":{"rendered":"OBRAZ &#8211; L\u00e1ska I."},"content":{"rendered":"","protected":false},"excerpt":{"rendered":"<p>T\u0159\u00edd\u00edln\u00fd obraz o celkov\u00e9 velikosti 60 x 60 cm. Jeden d\u00edl m\u011b\u0159\u00ed 60 cm na v\u00fd\u0161ku a 20 cm na \u0161\u00ed\u0159ku.<\/p>\n<p>Pl\u00e1tno je ji\u017e nata\u017een\u00e9, sta\u010d\u00ed jen pov\u011bsit na ze\u010f!<\/p>\n<p>Origin\u00e1l!<\/p>\n","protected":false},"featured_media":17307,"comment_status":"closed","ping_status":"closed","template":"","meta":{"_exactmetrics_skip_tracking":false,"_exactmetrics_sitenote_active":false,"_exactmetrics_sitenote_note":"","_exactmetrics_sitenote_category":0},"product_brand":[],"product_cat":[24],"product_tag":[],"class_list":{"0":"post-17306","1":"product","2":"type-product","3":"status-publish","4":"has-post-thumbnail","6":"product_cat-obrazy","8":"first","9":"instock","10":"taxable","11":"shipping-taxable","12":"purchasable","13":"product-type-simple"},"acf":[],"jetpack_sharing_enabled":true,"_links":{"self":[{"href":"https:\/\/p-art.design\/index.php?rest_route=\/wp\/v2\/product\/17306","targetHints":{"allow":["GET"]}}],"collection":[{"href":"https:\/\/p-art.design\/index.php?rest_route=\/wp\/v2\/product"}],"about":[{"href":"https:\/\/p-art.design\/index.php?rest_route=\/wp\/v2\/types\/product"}],"replies":[{"embeddable":true,"href":"https:\/\/p-art.design\/index.php?rest_route=%2Fwp%2Fv2%2Fcomments&post=17306"}],"wp:featuredmedia":[{"embeddable":true,"href":"https:\/\/p-art.design\/index.php?rest_route=\/wp\/v2\/media\/17307"}],"wp:attachment":[{"href":"https:\/\/p-art.design\/index.php?rest_route=%2Fwp%2Fv2%2Fmedia&parent=17306"}],"wp:term":[{"taxonomy":"product_brand","embeddable":true,"href":"https:\/\/p-art.design\/index.php?rest_route=%2Fwp%2Fv2%2Fproduct_brand&post=17306"},{"taxonomy":"product_cat","embeddable":true,"href":"https:\/\/p-art.design\/index.php?rest_route=%2Fwp%2Fv2%2Fproduct_cat&post=17306"},{"taxonomy":"product_tag","embeddable":true,"href":"https:\/\/p-art.design\/index.php?rest_route=%2Fwp%2Fv2%2Fproduct_tag&post=17306"}],"curies":[{"name":"wp","href":"https:\/\/api.w.org\/{rel}","templated":true}]}}