{"id":17142,"date":"2022-01-17T23:01:09","date_gmt":"2022-01-17T22:01:09","guid":{"rendered":"https:\/\/p-art.design\/?post_type=product&#038;p=17142"},"modified":"2024-09-11T18:07:33","modified_gmt":"2024-09-11T16:07:33","slug":"saty-letni-134","status":"publish","type":"product","link":"https:\/\/p-art.design\/?product=saty-letni-134","title":{"rendered":"\u0160aty letn\u00ed 134"},"content":{"rendered":"<p>\u0160aty z tenk\u00e9 bavlny, pro hork\u00e9 letn\u00ed dny. Zavazuj\u00ed se na ramenou. Mohou se tak\u00e9 nosit jako tunika na leg\u00edny nebo pun\u010doch\u00e1\u010de spolu s tri\u010dkem nebo halenkou ve stejn\u00e9 barv\u011b.<\/p>\n<p>NO\u0160EN\u00c9! Jen\u017ee z nich u\u017e dcera, bohu\u017eel, vyrostla. Jsou st\u00e1l\u00e9 kr\u00e1sn\u00e9 a opravdu velice p\u0159\u00edjemn\u00e9 na no\u0161en\u00ed v letn\u00edch hork\u00fdch dnech a mn\u011b je prost\u011b l\u00edto, je nechat jen tak le\u017eet ve sk\u0159\u00edni.<\/p>\n<p>Slo\u017een\u00ed: 100% bavlna<\/p>\n<p>\u017dehl\u00ed se na stupe\u0148 \u010d.2<br \/>\nPr\u00e1t na 40 st. C<\/p>\n","protected":false},"excerpt":{"rendered":"<p>Vel. 134<\/p>\n<p>\u0160\u00ed\u0159ka: 38 cm<br \/>\nD\u00e9lka: 70 cm (od ramene)<\/p>\n","protected":false},"featured_media":17143,"comment_status":"open","ping_status":"closed","template":"","meta":{"_exactmetrics_skip_tracking":false,"_exactmetrics_sitenote_active":false,"_exactmetrics_sitenote_note":"","_exactmetrics_sitenote_category":0},"product_brand":[],"product_cat":[89,94,107],"product_tag":[],"class_list":{"0":"post-17142","1":"product","2":"type-product","3":"status-publish","4":"has-post-thumbnail","6":"product_cat-divky","7":"product_cat-sakura_style","8":"product_cat-saty","10":"first","11":"instock","12":"taxable","13":"shipping-taxable","14":"purchasable","15":"product-type-simple"},"acf":[],"jetpack_sharing_enabled":true,"_links":{"self":[{"href":"https:\/\/p-art.design\/index.php?rest_route=\/wp\/v2\/product\/17142","targetHints":{"allow":["GET"]}}],"collection":[{"href":"https:\/\/p-art.design\/index.php?rest_route=\/wp\/v2\/product"}],"about":[{"href":"https:\/\/p-art.design\/index.php?rest_route=\/wp\/v2\/types\/product"}],"replies":[{"embeddable":true,"href":"https:\/\/p-art.design\/index.php?rest_route=%2Fwp%2Fv2%2Fcomments&post=17142"}],"wp:featuredmedia":[{"embeddable":true,"href":"https:\/\/p-art.design\/index.php?rest_route=\/wp\/v2\/media\/17143"}],"wp:attachment":[{"href":"https:\/\/p-art.design\/index.php?rest_route=%2Fwp%2Fv2%2Fmedia&parent=17142"}],"wp:term":[{"taxonomy":"product_brand","embeddable":true,"href":"https:\/\/p-art.design\/index.php?rest_route=%2Fwp%2Fv2%2Fproduct_brand&post=17142"},{"taxonomy":"product_cat","embeddable":true,"href":"https:\/\/p-art.design\/index.php?rest_route=%2Fwp%2Fv2%2Fproduct_cat&post=17142"},{"taxonomy":"product_tag","embeddable":true,"href":"https:\/\/p-art.design\/index.php?rest_route=%2Fwp%2Fv2%2Fproduct_tag&post=17142"}],"curies":[{"name":"wp","href":"https:\/\/api.w.org\/{rel}","templated":true}]}}