{"id":17071,"date":"2022-01-14T17:08:14","date_gmt":"2022-01-14T16:08:14","guid":{"rendered":"https:\/\/p-art.design\/?post_type=product&#038;p=17071"},"modified":"2024-05-11T16:29:15","modified_gmt":"2024-05-11T14:29:15","slug":"sukne-kremova-vel-152","status":"publish","type":"product","link":"https:\/\/p-art.design\/?product=sukne-kremova-vel-152","title":{"rendered":"SUKN\u011a kr\u00e9mov\u00e1, vel. 158\/164"},"content":{"rendered":"<p>Kr\u00e9mov\u00e1 p\u016flkolov\u00e1 sukn\u011b, kr\u00e1sn\u011b spl\u00fdvav\u00e1. Hod\u00ed s k \u010dern\u00e9 halence, kr\u00e9mov\u00e9mu t\u00edlku a kr\u00e9mov\u00e9mu svetru z nab\u00eddky.<\/p>\n<p>Slo\u017een\u00ed: 100% bavlna<\/p>\n<p>\u017dehlit na 2 stupe\u0148<br \/>\nPr\u00e1t do 40 st. C<\/p>\n","protected":false},"excerpt":{"rendered":"<p>SUKN\u011a kr\u00e9mov\u00e1 vel. 158\/164<\/p>\n<p>Pas 72 cm<br \/>\nD\u00e9lka 38 cm<\/p>\n","protected":false},"featured_media":17312,"comment_status":"open","ping_status":"closed","template":"","meta":{"_exactmetrics_skip_tracking":false,"_exactmetrics_sitenote_active":false,"_exactmetrics_sitenote_note":"","_exactmetrics_sitenote_category":0},"product_brand":[],"product_cat":[89,94,92],"product_tag":[],"class_list":{"0":"post-17071","1":"product","2":"type-product","3":"status-publish","4":"has-post-thumbnail","6":"product_cat-divky","7":"product_cat-sakura_style","8":"product_cat-sukne-divky","10":"first","11":"instock","12":"taxable","13":"shipping-taxable","14":"purchasable","15":"product-type-simple"},"acf":[],"jetpack_sharing_enabled":true,"_links":{"self":[{"href":"https:\/\/p-art.design\/index.php?rest_route=\/wp\/v2\/product\/17071","targetHints":{"allow":["GET"]}}],"collection":[{"href":"https:\/\/p-art.design\/index.php?rest_route=\/wp\/v2\/product"}],"about":[{"href":"https:\/\/p-art.design\/index.php?rest_route=\/wp\/v2\/types\/product"}],"replies":[{"embeddable":true,"href":"https:\/\/p-art.design\/index.php?rest_route=%2Fwp%2Fv2%2Fcomments&post=17071"}],"wp:featuredmedia":[{"embeddable":true,"href":"https:\/\/p-art.design\/index.php?rest_route=\/wp\/v2\/media\/17312"}],"wp:attachment":[{"href":"https:\/\/p-art.design\/index.php?rest_route=%2Fwp%2Fv2%2Fmedia&parent=17071"}],"wp:term":[{"taxonomy":"product_brand","embeddable":true,"href":"https:\/\/p-art.design\/index.php?rest_route=%2Fwp%2Fv2%2Fproduct_brand&post=17071"},{"taxonomy":"product_cat","embeddable":true,"href":"https:\/\/p-art.design\/index.php?rest_route=%2Fwp%2Fv2%2Fproduct_cat&post=17071"},{"taxonomy":"product_tag","embeddable":true,"href":"https:\/\/p-art.design\/index.php?rest_route=%2Fwp%2Fv2%2Fproduct_tag&post=17071"}],"curies":[{"name":"wp","href":"https:\/\/api.w.org\/{rel}","templated":true}]}}