{"id":16582,"date":"2021-12-16T22:41:24","date_gmt":"2021-12-16T21:41:24","guid":{"rendered":"https:\/\/p-art.design\/?post_type=product&#038;p=16582"},"modified":"2024-07-14T14:08:37","modified_gmt":"2024-07-14T12:08:37","slug":"kratasy-z-teplakoviny-vel-170","status":"publish","type":"product","link":"https:\/\/p-art.design\/?product=kratasy-z-teplakoviny-vel-170","title":{"rendered":"Kra\u0165asy z tepl\u00e1koviny vel. 170"},"content":{"rendered":"<p>B\u00edl\u00e9 kra\u0165asy z tepl\u00e1koviny<\/p>\n<p>D\u00e9lka: 38 cm<br \/>\nPas: 70 cm<\/p>\n<p>Slo\u017een\u00ed: Bavlna 70 %<br \/>\nPolyester 30 %<\/p>\n<p>\u00dadr\u017eba: Pran\u00ed na 40 st. C, \u017eehlen\u00ed na 2 stupe\u0148<\/p>\n","protected":false},"excerpt":{"rendered":"<p>Kra\u0165asy z tepl\u00e1koviny vel. 170<\/p>\n","protected":false},"featured_media":16583,"comment_status":"open","ping_status":"closed","template":"","meta":{"_exactmetrics_skip_tracking":false,"_exactmetrics_sitenote_active":false,"_exactmetrics_sitenote_note":"","_exactmetrics_sitenote_category":0},"product_brand":[],"product_cat":[89,105,94],"product_tag":[],"class_list":{"0":"post-16582","1":"product","2":"type-product","3":"status-publish","4":"has-post-thumbnail","6":"product_cat-divky","7":"product_cat-kratasy","8":"product_cat-sakura_style","10":"first","11":"instock","12":"taxable","13":"shipping-taxable","14":"purchasable","15":"product-type-simple"},"acf":[],"jetpack_sharing_enabled":true,"_links":{"self":[{"href":"https:\/\/p-art.design\/index.php?rest_route=\/wp\/v2\/product\/16582","targetHints":{"allow":["GET"]}}],"collection":[{"href":"https:\/\/p-art.design\/index.php?rest_route=\/wp\/v2\/product"}],"about":[{"href":"https:\/\/p-art.design\/index.php?rest_route=\/wp\/v2\/types\/product"}],"replies":[{"embeddable":true,"href":"https:\/\/p-art.design\/index.php?rest_route=%2Fwp%2Fv2%2Fcomments&post=16582"}],"wp:featuredmedia":[{"embeddable":true,"href":"https:\/\/p-art.design\/index.php?rest_route=\/wp\/v2\/media\/16583"}],"wp:attachment":[{"href":"https:\/\/p-art.design\/index.php?rest_route=%2Fwp%2Fv2%2Fmedia&parent=16582"}],"wp:term":[{"taxonomy":"product_brand","embeddable":true,"href":"https:\/\/p-art.design\/index.php?rest_route=%2Fwp%2Fv2%2Fproduct_brand&post=16582"},{"taxonomy":"product_cat","embeddable":true,"href":"https:\/\/p-art.design\/index.php?rest_route=%2Fwp%2Fv2%2Fproduct_cat&post=16582"},{"taxonomy":"product_tag","embeddable":true,"href":"https:\/\/p-art.design\/index.php?rest_route=%2Fwp%2Fv2%2Fproduct_tag&post=16582"}],"curies":[{"name":"wp","href":"https:\/\/api.w.org\/{rel}","templated":true}]}}