{"id":16497,"date":"2021-06-05T20:04:36","date_gmt":"2021-06-05T18:04:36","guid":{"rendered":"https:\/\/p-art.design\/?post_type=product&#038;p=16497"},"modified":"2022-01-02T17:10:55","modified_gmt":"2022-01-02T16:10:55","slug":"saty-z-barevne-krajky-vel-140","status":"publish","type":"product","link":"https:\/\/p-art.design\/?product=saty-z-barevne-krajky-vel-140","title":{"rendered":"\u0160ATY z barevn\u00e9 krajky vel. 140"},"content":{"rendered":"<p>\u0160aty pro slavnostn\u00ed p\u0159\u00edle\u017eitosti, s p\u00e1skem. P\u00e1sek lze pou\u017e\u00edt na sta\u017een\u00ed vlas\u016f. Elegantn\u00ed a spole\u010densk\u00e9.<\/p>\n<p>Slo\u017een\u00ed: 95 % polyester, 5 % elasten<\/p>\n<p>Nema\u010dk\u00e1 se, ne\u017eehl\u00ed se<br \/>\nPr\u00e1t na 40 st. C<\/p>\n","protected":false},"excerpt":{"rendered":"<p>Vel. 140<\/p>\n<p>\u0160\u00ed\u0159ka: 40 cm<br \/>\nD\u00e9lka: 65 cm <\/p>\n","protected":false},"featured_media":16498,"comment_status":"open","ping_status":"closed","template":"","meta":{"_exactmetrics_skip_tracking":false,"_exactmetrics_sitenote_active":false,"_exactmetrics_sitenote_note":"","_exactmetrics_sitenote_category":0},"product_brand":[],"product_cat":[89,94,107],"product_tag":[],"class_list":{"0":"post-16497","1":"product","2":"type-product","3":"status-publish","4":"has-post-thumbnail","6":"product_cat-divky","7":"product_cat-sakura_style","8":"product_cat-saty","10":"first","11":"instock","12":"taxable","13":"shipping-taxable","14":"purchasable","15":"product-type-simple"},"acf":[],"jetpack_sharing_enabled":true,"_links":{"self":[{"href":"https:\/\/p-art.design\/index.php?rest_route=\/wp\/v2\/product\/16497","targetHints":{"allow":["GET"]}}],"collection":[{"href":"https:\/\/p-art.design\/index.php?rest_route=\/wp\/v2\/product"}],"about":[{"href":"https:\/\/p-art.design\/index.php?rest_route=\/wp\/v2\/types\/product"}],"replies":[{"embeddable":true,"href":"https:\/\/p-art.design\/index.php?rest_route=%2Fwp%2Fv2%2Fcomments&post=16497"}],"wp:featuredmedia":[{"embeddable":true,"href":"https:\/\/p-art.design\/index.php?rest_route=\/wp\/v2\/media\/16498"}],"wp:attachment":[{"href":"https:\/\/p-art.design\/index.php?rest_route=%2Fwp%2Fv2%2Fmedia&parent=16497"}],"wp:term":[{"taxonomy":"product_brand","embeddable":true,"href":"https:\/\/p-art.design\/index.php?rest_route=%2Fwp%2Fv2%2Fproduct_brand&post=16497"},{"taxonomy":"product_cat","embeddable":true,"href":"https:\/\/p-art.design\/index.php?rest_route=%2Fwp%2Fv2%2Fproduct_cat&post=16497"},{"taxonomy":"product_tag","embeddable":true,"href":"https:\/\/p-art.design\/index.php?rest_route=%2Fwp%2Fv2%2Fproduct_tag&post=16497"}],"curies":[{"name":"wp","href":"https:\/\/api.w.org\/{rel}","templated":true}]}}