{"id":16495,"date":"2021-06-05T18:50:55","date_gmt":"2021-06-05T16:50:55","guid":{"rendered":"https:\/\/p-art.design\/?post_type=product&#038;p=16495"},"modified":"2025-05-07T19:37:07","modified_gmt":"2025-05-07T17:37:07","slug":"kardigan-ciste-bily","status":"publish","type":"product","link":"https:\/\/p-art.design\/?product=kardigan-ciste-bily","title":{"rendered":"KARDIGAN \u010dist\u011b b\u00edl\u00fd"},"content":{"rendered":"<p>Kardigan je u\u0161it ze spl\u00fdvav\u00e9ho, \u010dist\u011b b\u00edl\u00e9ho \u00fapletu, kter\u00fd je velice p\u0159\u00edjemn\u00fd na omak.<\/p>\n<p>Slo\u017een\u00ed: 90 % polyamid, 10 % elastan<\/p>\n<p>Ne\u017eehlit<br \/>\nPr\u00e1t na 30 st. C<\/p>\n<p>Lze sladit s dcerou. V prodeji kardigan \u010dist\u011b b\u00edl\u00fd vel. 152.<\/p>\n","protected":false},"excerpt":{"rendered":"<p>Velikost M\/L<\/p>\n<p>D\u00e9lka: 80 cm<\/p>\n","protected":false},"featured_media":17478,"comment_status":"open","ping_status":"closed","template":"","meta":{"_exactmetrics_skip_tracking":false,"_exactmetrics_sitenote_active":false,"_exactmetrics_sitenote_note":"","_exactmetrics_sitenote_category":0},"product_brand":[],"product_cat":[108,94,110],"product_tag":[],"class_list":{"0":"post-16495","1":"product","2":"type-product","3":"status-publish","4":"has-post-thumbnail","6":"product_cat-zeny","7":"product_cat-sakura_style","8":"product_cat-kardigany","10":"first","11":"instock","12":"taxable","13":"shipping-taxable","14":"purchasable","15":"product-type-simple"},"acf":[],"jetpack_sharing_enabled":true,"_links":{"self":[{"href":"https:\/\/p-art.design\/index.php?rest_route=\/wp\/v2\/product\/16495","targetHints":{"allow":["GET"]}}],"collection":[{"href":"https:\/\/p-art.design\/index.php?rest_route=\/wp\/v2\/product"}],"about":[{"href":"https:\/\/p-art.design\/index.php?rest_route=\/wp\/v2\/types\/product"}],"replies":[{"embeddable":true,"href":"https:\/\/p-art.design\/index.php?rest_route=%2Fwp%2Fv2%2Fcomments&post=16495"}],"wp:featuredmedia":[{"embeddable":true,"href":"https:\/\/p-art.design\/index.php?rest_route=\/wp\/v2\/media\/17478"}],"wp:attachment":[{"href":"https:\/\/p-art.design\/index.php?rest_route=%2Fwp%2Fv2%2Fmedia&parent=16495"}],"wp:term":[{"taxonomy":"product_brand","embeddable":true,"href":"https:\/\/p-art.design\/index.php?rest_route=%2Fwp%2Fv2%2Fproduct_brand&post=16495"},{"taxonomy":"product_cat","embeddable":true,"href":"https:\/\/p-art.design\/index.php?rest_route=%2Fwp%2Fv2%2Fproduct_cat&post=16495"},{"taxonomy":"product_tag","embeddable":true,"href":"https:\/\/p-art.design\/index.php?rest_route=%2Fwp%2Fv2%2Fproduct_tag&post=16495"}],"curies":[{"name":"wp","href":"https:\/\/api.w.org\/{rel}","templated":true}]}}